Dec 01 10:27:40.021 INFO testing makslevental/athens_backend against master#8940af3cea4a9a9deabcaf843b2f8cad9a83fc61 for beta-1.31-5
Dec 01 10:27:40.021 INFO running `"docker" "create" "-v" "/mnt/big/crater/work/local/target-dirs/beta-1.31-5/worker-6/master#8940af3cea4a9a9deabcaf843b2f8cad9a83fc61:/target:rw,Z" "-v" "/mnt/big/crater/work/local/test-source/worker-6/beta-1.31-5/master#8940af3cea4a9a9deabcaf843b2f8cad9a83fc61:/source:ro,Z" "-v" "/mnt/big/crater/work/local/cargo-home:/cargo-home:ro,Z" "-v" "/mnt/big/crater/work/local/rustup-home:/rustup-home:ro,Z" "-e" "USER_ID=1000" "-e" "SOURCE_DIR=/source" "-e" "USER_ID=1000" "-e" "CMD=cargo +8940af3cea4a9a9deabcaf843b2f8cad9a83fc61-alt build --frozen" "-e" "CARGO_TARGET_DIR=/target" "-e" "CARGO_INCREMENTAL=0" "-e" "RUST_BACKTRACE=full" "-e" "RUSTFLAGS=--cap-lints=warn" "-e" "CARGO_HOME=/cargo-home" "-e" "RUSTUP_HOME=/rustup-home" "-m" "1536M" "--network" "none" "crater"`
Dec 01 10:27:40.247 INFO [stdout] e03580978a9ec443112388911193b4cfb68545a99506ffae3d0eb782e5443e30
Dec 01 10:27:40.252 INFO running `"docker" "start" "-a" "e03580978a9ec443112388911193b4cfb68545a99506ffae3d0eb782e5443e30"`
Dec 01 10:27:41.287 INFO [stderr] usermod: no changes
Dec 01 10:27:41.875 INFO [stderr]    Compiling lazycell v1.1.0
Dec 01 10:27:41.880 INFO [stderr]    Compiling Inflector v0.11.3
Dec 01 10:27:41.881 INFO [stderr]    Compiling libsqlite3-sys v0.9.3
Dec 01 10:27:41.887 INFO [stderr]    Compiling libz-sys v1.0.22
Dec 01 10:27:41.888 INFO [stderr]    Compiling curl-sys v0.4.12
Dec 01 10:27:41.888 INFO [stderr]    Compiling yaml-rust v0.4.2
Dec 01 10:27:41.891 INFO [stderr]    Compiling uuid v0.7.1
Dec 01 10:27:41.891 INFO [stderr]    Compiling nom v4.0.0
Dec 01 10:27:42.779 INFO [stderr]    Compiling want v0.0.6
Dec 01 10:27:46.433 INFO [stderr]    Compiling pear_codegen v0.0.20
Dec 01 10:27:46.433 INFO [stderr]    Compiling rocket v0.3.16
Dec 01 10:27:46.637 INFO [stderr]    Compiling rocket_codegen v0.3.16
Dec 01 10:27:46.904 INFO [stderr] error: failed to run custom build command for `pear_codegen v0.0.20`
Dec 01 10:27:46.904 INFO [stderr] process didn't exit successfully: `/target/debug/build/pear_codegen-9ebbb5de437ff65a/build-script-build` (exit code: 101)
Dec 01 10:27:46.904 INFO [stderr] --- stderr
Dec 01 10:27:46.904 INFO [stderr] [1;31mError:[0m [37mPear requires a nightly or dev version of Rust.[0m
Dec 01 10:27:46.904 INFO [stderr] [37mInstalled version is:[0m [33m1.31.0-beta.20 (2018-11-30)[0m. [37mMinimum required:[0m [33m1.30.0-nightly (2018-08-23)[0m.
Dec 01 10:27:46.904 INFO [stderr] thread 'main' panicked at 'Aborting compilation due to incompatible compiler.', /cargo-home/registry/src/github.com-1ecc6299db9ec823/pear_codegen-0.0.20/build.rs:31:13
Dec 01 10:27:46.904 INFO [stderr] stack backtrace:
Dec 01 10:27:46.904 INFO [stderr]    0:     0x556bb412d0ff - std::sys::unix::backtrace::tracing::imp::unwind_backtrace::h3a8b83e1922cbdde
Dec 01 10:27:46.904 INFO [stderr]                                at libstd/sys/unix/backtrace/tracing/gcc_s.rs:49
Dec 01 10:27:46.904 INFO [stderr]    1:     0x556bb4138ad7 - std::sys_common::backtrace::print::h00d3155a29b4020f
Dec 01 10:27:46.904 INFO [stderr]                                at libstd/sys_common/backtrace.rs:71
Dec 01 10:27:46.904 INFO [stderr]                                at libstd/sys_common/backtrace.rs:59
Dec 01 10:27:46.904 INFO [stderr]    2:     0x556bb413199f - std::panicking::default_hook::{{closure}}::hd7465c742e79e1bb
Dec 01 10:27:46.904 INFO [stderr]                                at libstd/panicking.rs:211
Dec 01 10:27:46.904 INFO [stderr]    3:     0x556bb4131704 - std::panicking::default_hook::h9e3966f2aa2a6e12
Dec 01 10:27:46.904 INFO [stderr]                                at libstd/panicking.rs:227
Dec 01 10:27:46.904 INFO [stderr]    4:     0x556bb4131fce - std::panicking::rust_panic_with_hook::h587f091ae747d080
Dec 01 10:27:46.904 INFO [stderr]                                at libstd/panicking.rs:476
Dec 01 10:27:46.904 INFO [stderr]    5:     0x556bb4104883 - std::panicking::begin_panic::h03cdb516ffc5f784
Dec 01 10:27:46.904 INFO [stderr]                                at libstd/panicking.rs:410
Dec 01 10:27:46.904 INFO [stderr]    6:     0x556bb4102948 - build_script_build::main::h36944a4e267b7477
Dec 01 10:27:46.904 INFO [stderr]                                at /cargo-home/registry/src/github.com-1ecc6299db9ec823/pear_codegen-0.0.20/build.rs:31
Dec 01 10:27:46.904 INFO [stderr]    7:     0x556bb410516f - std::rt::lang_start::{{closure}}::h5e49a6fd7616e446
Dec 01 10:27:46.904 INFO [stderr]                                at libstd/rt.rs:74
Dec 01 10:27:46.904 INFO [stderr]    8:     0x556bb4131a42 - std::panicking::try::do_call::h52e7f80ff0fdcc45
Dec 01 10:27:46.904 INFO [stderr]                                at libstd/rt.rs:59
Dec 01 10:27:46.904 INFO [stderr]                                at libstd/panicking.rs:310
Dec 01 10:27:46.904 INFO [stderr]    9:     0x556bb4143a89 - __rust_maybe_catch_panic
Dec 01 10:27:46.904 INFO [stderr]                                at libpanic_unwind/lib.rs:102
Dec 01 10:27:46.904 INFO [stderr]   10:     0x556bb412175a - std::rt::lang_start_internal::h38cae898de7f805c
Dec 01 10:27:46.904 INFO [stderr]                                at libstd/panicking.rs:289
Dec 01 10:27:46.904 INFO [stderr]                                at libstd/panic.rs:392
Dec 01 10:27:46.904 INFO [stderr]                                at libstd/rt.rs:58
Dec 01 10:27:46.904 INFO [stderr]   11:     0x556bb4105148 - std::rt::lang_start::hf3588cfe9ea8870a
Dec 01 10:27:46.904 INFO [stderr]                                at libstd/rt.rs:74
Dec 01 10:27:46.904 INFO [stderr]   12:     0x556bb4103819 - main
Dec 01 10:27:46.904 INFO [stderr]   13:     0x7fc5adf1882f - __libc_start_main
Dec 01 10:27:46.904 INFO [stderr]   14:     0x556bb4102228 - _start
Dec 01 10:27:46.904 INFO [stderr]   15:                0x0 - <unknown>
Dec 01 10:27:46.907 INFO [stderr] 
Dec 01 10:27:46.907 INFO [stderr] warning: build failed, waiting for other jobs to finish...
Dec 01 10:27:47.107 INFO [stderr] error: failed to run custom build command for `rocket v0.3.16`
Dec 01 10:27:47.107 INFO [stderr] process didn't exit successfully: `/target/debug/build/rocket-e8632d5f710e389a/build-script-build` (exit code: 101)
Dec 01 10:27:47.107 INFO [stderr] --- stderr
Dec 01 10:27:47.107 INFO [stderr] [1;31mError:[0m [37mRocket requires a nightly or dev version of Rust.[0m
Dec 01 10:27:47.107 INFO [stderr] [37mInstalled version is:[0m [33m1.31.0-beta.20 (2018-11-30)[0m. [37mMinimum required:[0m [33m1.27.0-nightly (2018-04-26)[0m.
Dec 01 10:27:47.107 INFO [stderr] [34mSee the getting started guide ([0m[37mhttps://rocket.rs/guide/getting-started/[0m[34m) for more information.[0m
Dec 01 10:27:47.107 INFO [stderr] thread 'main' panicked at 'Aborting compilation due to incompatible compiler.', /cargo-home/registry/src/github.com-1ecc6299db9ec823/rocket-0.3.16/build.rs:38:13
Dec 01 10:27:47.107 INFO [stderr] stack backtrace:
Dec 01 10:27:47.107 INFO [stderr]    0:     0x55584102533f - std::sys::unix::backtrace::tracing::imp::unwind_backtrace::h3a8b83e1922cbdde
Dec 01 10:27:47.107 INFO [stderr]                                at libstd/sys/unix/backtrace/tracing/gcc_s.rs:49
Dec 01 10:27:47.107 INFO [stderr]    1:     0x555841030d17 - std::sys_common::backtrace::print::h00d3155a29b4020f
Dec 01 10:27:47.107 INFO [stderr]                                at libstd/sys_common/backtrace.rs:71
Dec 01 10:27:47.107 INFO [stderr]                                at libstd/sys_common/backtrace.rs:59
Dec 01 10:27:47.107 INFO [stderr]    2:     0x555841029bdf - std::panicking::default_hook::{{closure}}::hd7465c742e79e1bb
Dec 01 10:27:47.107 INFO [stderr]                                at libstd/panicking.rs:211
Dec 01 10:27:47.107 INFO [stderr]    3:     0x555841029944 - std::panicking::default_hook::h9e3966f2aa2a6e12
Dec 01 10:27:47.107 INFO [stderr]                                at libstd/panicking.rs:227
Dec 01 10:27:47.107 INFO [stderr]    4:     0x55584102a20e - std::panicking::rust_panic_with_hook::h587f091ae747d080
Dec 01 10:27:47.107 INFO [stderr]                                at libstd/panicking.rs:476
Dec 01 10:27:47.107 INFO [stderr]    5:     0x555840ffcac3 - std::panicking::begin_panic::h185025b8b4804e9b
Dec 01 10:27:47.107 INFO [stderr]                                at libstd/panicking.rs:410
Dec 01 10:27:47.107 INFO [stderr]    6:     0x555840ffab85 - build_script_build::main::h4284e4a3a8df7e1b
Dec 01 10:27:47.107 INFO [stderr]                                at /cargo-home/registry/src/github.com-1ecc6299db9ec823/rocket-0.3.16/build.rs:38
Dec 01 10:27:47.107 INFO [stderr]    7:     0x555840ffd3af - std::rt::lang_start::{{closure}}::ha0df32a52ba7057e
Dec 01 10:27:47.107 INFO [stderr]                                at libstd/rt.rs:74
Dec 01 10:27:47.107 INFO [stderr]    8:     0x555841029c82 - std::panicking::try::do_call::h52e7f80ff0fdcc45
Dec 01 10:27:47.107 INFO [stderr]                                at libstd/rt.rs:59
Dec 01 10:27:47.107 INFO [stderr]                                at libstd/panicking.rs:310
Dec 01 10:27:47.107 INFO [stderr]    9:     0x55584103bcc9 - __rust_maybe_catch_panic
Dec 01 10:27:47.107 INFO [stderr]                                at libpanic_unwind/lib.rs:102
Dec 01 10:27:47.107 INFO [stderr]   10:     0x55584101999a - std::rt::lang_start_internal::h38cae898de7f805c
Dec 01 10:27:47.107 INFO [stderr]                                at libstd/panicking.rs:289
Dec 01 10:27:47.107 INFO [stderr]                                at libstd/panic.rs:392
Dec 01 10:27:47.107 INFO [stderr]                                at libstd/rt.rs:58
Dec 01 10:27:47.107 INFO [stderr]   11:     0x555840ffd388 - std::rt::lang_start::h3f68170055a70037
Dec 01 10:27:47.107 INFO [stderr]                                at libstd/rt.rs:74
Dec 01 10:27:47.107 INFO [stderr]   12:     0x555840ffba59 - main
Dec 01 10:27:47.107 INFO [stderr]   13:     0x7fc86377682f - __libc_start_main
Dec 01 10:27:47.107 INFO [stderr]   14:     0x555840ffa228 - _start
Dec 01 10:27:47.107 INFO [stderr]   15:                0x0 - <unknown>
Dec 01 10:27:47.107 INFO [stderr] 
Dec 01 10:27:47.107 INFO [stderr] warning: build failed, waiting for other jobs to finish...
Dec 01 10:27:47.175 INFO [stderr] error: failed to run custom build command for `rocket_codegen v0.3.16`
Dec 01 10:27:47.175 INFO [stderr] process didn't exit successfully: `/target/debug/build/rocket_codegen-4a5b65214453c03c/build-script-build` (exit code: 101)
Dec 01 10:27:47.175 INFO [stderr] --- stderr
Dec 01 10:27:47.175 INFO [stderr] [1;31mError:[0m [37mRocket requires a nightly or dev version of Rust.[0m
Dec 01 10:27:47.175 INFO [stderr] [37mInstalled version is:[0m [33m1.31.0-beta.20 (2018-11-30)[0m. [37mMinimum required:[0m [33m1.30.0-nightly (2018-08-23)[0m.
Dec 01 10:27:47.175 INFO [stderr] [34mSee the getting started guide ([0m[37mhttps://rocket.rs/guide/getting-started/[0m[34m) for more information.[0m
Dec 01 10:27:47.175 INFO [stderr] thread 'main' panicked at 'Aborting compilation due to incompatible compiler.', /cargo-home/registry/src/github.com-1ecc6299db9ec823/rocket_codegen-0.3.16/build.rs:38:17
Dec 01 10:27:47.175 INFO [stderr] stack backtrace:
Dec 01 10:27:47.175 INFO [stderr]    0:     0x55c21cc1932f - std::sys::unix::backtrace::tracing::imp::unwind_backtrace::h3a8b83e1922cbdde
Dec 01 10:27:47.175 INFO [stderr]                                at libstd/sys/unix/backtrace/tracing/gcc_s.rs:49
Dec 01 10:27:47.175 INFO [stderr]    1:     0x55c21cc24d07 - std::sys_common::backtrace::print::h00d3155a29b4020f
Dec 01 10:27:47.175 INFO [stderr]                                at libstd/sys_common/backtrace.rs:71
Dec 01 10:27:47.175 INFO [stderr]                                at libstd/sys_common/backtrace.rs:59
Dec 01 10:27:47.175 INFO [stderr]    2:     0x55c21cc1dbcf - std::panicking::default_hook::{{closure}}::hd7465c742e79e1bb
Dec 01 10:27:47.175 INFO [stderr]                                at libstd/panicking.rs:211
Dec 01 10:27:47.175 INFO [stderr]    3:     0x55c21cc1d934 - std::panicking::default_hook::h9e3966f2aa2a6e12
Dec 01 10:27:47.175 INFO [stderr]                                at libstd/panicking.rs:227
Dec 01 10:27:47.175 INFO [stderr]    4:     0x55c21cc1e1fe - std::panicking::rust_panic_with_hook::h587f091ae747d080
Dec 01 10:27:47.175 INFO [stderr]                                at libstd/panicking.rs:476
Dec 01 10:27:47.175 INFO [stderr]    5:     0x55c21cbf0ab3 - std::panicking::begin_panic::h637cf6c246413594
Dec 01 10:27:47.175 INFO [stderr]                                at libstd/panicking.rs:410
Dec 01 10:27:47.175 INFO [stderr]    6:     0x55c21cbeeb84 - build_script_build::main::h2c72fd58a9234470
Dec 01 10:27:47.175 INFO [stderr]                                at /cargo-home/registry/src/github.com-1ecc6299db9ec823/rocket_codegen-0.3.16/build.rs:38
Dec 01 10:27:47.175 INFO [stderr]    7:     0x55c21cbf139f - std::rt::lang_start::{{closure}}::hfe557982ab535bc0
Dec 01 10:27:47.175 INFO [stderr]                                at libstd/rt.rs:74
Dec 01 10:27:47.175 INFO [stderr]    8:     0x55c21cc1dc72 - std::panicking::try::do_call::h52e7f80ff0fdcc45
Dec 01 10:27:47.175 INFO [stderr]                                at libstd/rt.rs:59
Dec 01 10:27:47.175 INFO [stderr]                                at libstd/panicking.rs:310
Dec 01 10:27:47.175 INFO [stderr]    9:     0x55c21cc2fcb9 - __rust_maybe_catch_panic
Dec 01 10:27:47.175 INFO [stderr]                                at libpanic_unwind/lib.rs:102
Dec 01 10:27:47.175 INFO [stderr]   10:     0x55c21cc0d98a - std::rt::lang_start_internal::h38cae898de7f805c
Dec 01 10:27:47.175 INFO [stderr]                                at libstd/panicking.rs:289
Dec 01 10:27:47.175 INFO [stderr]                                at libstd/panic.rs:392
Dec 01 10:27:47.175 INFO [stderr]                                at libstd/rt.rs:58
Dec 01 10:27:47.175 INFO [stderr]   11:     0x55c21cbf1378 - std::rt::lang_start::h04f69d23836a7815
Dec 01 10:27:47.175 INFO [stderr]                                at libstd/rt.rs:74
Dec 01 10:27:47.175 INFO [stderr]   12:     0x55c21cbefa49 - main
Dec 01 10:27:47.175 INFO [stderr]   13:     0x7f0a20b6582f - __libc_start_main
Dec 01 10:27:47.175 INFO [stderr]   14:     0x55c21cbee228 - _start
Dec 01 10:27:47.175 INFO [stderr]   15:                0x0 - <unknown>
Dec 01 10:27:47.175 INFO [stderr] 
Dec 01 10:27:47.175 INFO [stderr] warning: build failed, waiting for other jobs to finish...
Dec 01 10:27:50.707 INFO [stderr] error: build failed
Dec 01 10:27:50.714 INFO [stderr] su: No module specific data is present
Dec 01 10:27:51.605 INFO running `"docker" "inspect" "e03580978a9ec443112388911193b4cfb68545a99506ffae3d0eb782e5443e30"`
Dec 01 10:27:51.866 INFO running `"docker" "rm" "-f" "e03580978a9ec443112388911193b4cfb68545a99506ffae3d0eb782e5443e30"`
Dec 01 10:27:52.195 INFO [stdout] e03580978a9ec443112388911193b4cfb68545a99506ffae3d0eb782e5443e30
